{"id":391,"date":"2020-11-23T18:39:36","date_gmt":"2020-11-23T17:39:36","guid":{"rendered":"http:\/\/www.medienwart.de\/?page_id=391"},"modified":"2023-02-09T17:53:30","modified_gmt":"2023-02-09T16:53:30","slug":"die-15-goldenen-regeln-in-der-medienerziehung","status":"publish","type":"page","link":"https:\/\/www.medienwart.de\/?page_id=391","title":{"rendered":"Die 15 goldenen Regeln in der Medienerziehung"},"content":{"rendered":"\n<p><img loading=\"lazy\" decoding=\"async\" width=\"640\" height=\"409\" class=\"wp-image-398\" style=\"width: 640px;\" src=\"https:\/\/www.medienwart.de\/wp-content\/uploads\/2018\/01\/wordle-768x491-1.png\" alt=\"\" srcset=\"https:\/\/www.medienwart.de\/wp-content\/uploads\/2018\/01\/wordle-768x491-1.png 768w, https:\/\/www.medienwart.de\/wp-content\/uploads\/2018\/01\/wordle-768x491-1-300x192.png 300w\" sizes=\"auto, (max-width: 640px) 100vw, 640px\" \/><strong>Bei zahlreichen Elterabenden haben sich \u2013 auch in der Diskussion mit den beteiligten Eltern \u2013 folgende 15 goldene Regen der Medienerziehung herauskristallisiert:<\/strong><\/p>\n\n\n\n<p>1. Informieren Sie sich selbst bei Klicksafe &amp; Co.<\/p>\n\n\n\n<p>Eltern von Kindern: <a href=\"http:\/\/www.internet-abc.de\/\" target=\"_blank\" rel=\"noreferrer noopener\">www.internet-abc.de<br><\/a>Eltern von Jugendlichen: <a href=\"http:\/\/www.klicksafe.de\/\" target=\"_blank\" rel=\"noreferrer noopener\">www.klicksafe.de<br><\/a>Tipps zum Smartphone: <a href=\"http:\/\/www.handysektor.de\/\" target=\"_blank\" rel=\"noreferrer noopener\">www.handysektor.de<\/a><\/p>\n\n\n\n<p>2. Medienger\u00e4te geh\u00f6ren in Familienr\u00e4ume, starten Sie mit Familienger\u00e4ten, die Sie auch nutzen.<\/p>\n\n\n\n<p>3. Eigenverantwortlich mit dem Smartphone k\u00f6nnen fr\u00fchestens (!) Jugendliche umgehen.<\/p>\n\n\n\n<p>4. Zeigen Sie Interesse, versuchen Sie die Faszination zu verstehen und halten Sie Kontakt. Besuchen Sie die Lebensr\u00e4ume im Netz.<\/p>\n\n\n\n<p>5. Sprechen Sie mit ihrem Kind \u00fcber die Schattenseiten der Mediennutzung wie gezielte Falschmeldungen, angstmachende Inhalte oder Pornographie, ohne Smartphone und Co grunds\u00e4tzlich zu verteufeln.<\/p>\n\n\n\n<p>6. Kl\u00e4ren Sie Ihr Kind \u00fcber die Problematiken von Urheberrechtsverst\u00f6\u00dfen und Abmahnungen auf.<\/p>\n\n\n\n<p>7. Medien sollten weder zur Belohnung noch zur Strafe oder als \u201eBabysitter\u201c eingesetzt werden.<\/p>\n\n\n\n<p>8. Bieten Sie Alternativen au\u00dferhalb des Medienkonsums.<\/p>\n\n\n\n<p>9. Tauschen Sie sich mit anderen Eltern \u00fcber Ihr&nbsp; (Medien-)Erziehungskonzepte aus.<\/p>\n\n\n\n<p>10. Stellen Sie in Absprache miteinander Regeln auf und setzen Sie entsprechende Grenzen.<\/p>\n\n\n\n<p>Empfehenswert ist hierf\u00fcr:<br><a href=\"http:\/\/www.mediennutzungsvertrag.de\/\">www.mediennutzungsvertrag.de<\/a><\/p>\n\n\n\n<p>11. Problematisch ist nicht alleine die Dauer der Mediennutzung. Machen Sie sich klar, was dadurch wegf\u00e4llt.<\/p>\n\n\n\n<p>12. \u00dcberdenken Sie ihr eigenes Medien-Verhalten, Sie sind das gr\u00f6\u00dfte Vorbild Ihres Kindes.<\/p>\n\n\n\n<p>13. Durchbrechen Sie 24\/7-Verf\u00fcgbarkeit durch medienfreie Anl\u00e4sse und Zeiten (z.B. medien- freie Hausaufgabenzeit oder in der Nacht).<\/p>\n\n\n\n<p>14. Kaufen Sie Ihrem Kind einen Wecker, eine (normale) Armbanduhr und eine Taschenlampe.<\/p>\n\n\n\n<p>15. Medienerziehung ist zuallererst Familiensache, <strong>Sie<\/strong> sind die Experten f\u00fcr Ihr Kind.<\/p>\n","protected":false},"excerpt":{"rendered":"<p>Bei zahlreichen Elterabenden haben sich \u2013 auch in der Diskussion mit den beteiligten Eltern \u2013 folgende 15 goldene Regen der Medienerziehung herauskristallisiert: 1. Informieren Sie sich selbst bei Klicksafe &amp; Co. Eltern von Kindern: www.internet-abc.deEltern von Jugendlichen: www.klicksafe.deTipps zum Smartphone: www.handysektor.de 2. Medienger\u00e4te geh\u00f6ren in Familienr\u00e4ume, starten Sie mit Familienger\u00e4ten, die Sie auch nutzen. 3. &hellip; <a href=\"https:\/\/www.medienwart.de\/?page_id=391\" class=\"more-link\"><span class=\"screen-reader-text\">Die 15 goldenen Regeln in der Medienerziehung<\/span> weiterlesen<\/a><\/p>\n","protected":false},"author":1,"featured_media":0,"parent":0,"menu_order":0,"comment_status":"closed","ping_status":"closed","template":"","meta":{"footnotes":""},"class_list":["post-391","page","type-page","status-publish","hentry"],"_links":{"self":[{"href":"https:\/\/www.medienwart.de\/index.php?rest_route=\/wp\/v2\/pages\/391","targetHints":{"allow":["GET"]}}],"collection":[{"href":"https:\/\/www.medienwart.de\/index.php?rest_route=\/wp\/v2\/pages"}],"about":[{"href":"https:\/\/www.medienwart.de\/index.php?rest_route=\/wp\/v2\/types\/page"}],"author":[{"embeddable":true,"href":"https:\/\/www.medienwart.de\/index.php?rest_route=\/wp\/v2\/users\/1"}],"replies":[{"embeddable":true,"href":"https:\/\/www.medienwart.de\/index.php?rest_route=%2Fwp%2Fv2%2Fcomments&post=391"}],"version-history":[{"count":3,"href":"https:\/\/www.medienwart.de\/index.php?rest_route=\/wp\/v2\/pages\/391\/revisions"}],"predecessor-version":[{"id":908,"href":"https:\/\/www.medienwart.de\/index.php?rest_route=\/wp\/v2\/pages\/391\/revisions\/908"}],"wp:attachment":[{"href":"https:\/\/www.medienwart.de\/index.php?rest_route=%2Fwp%2Fv2%2Fmedia&parent=391"}],"curies":[{"name":"wp","href":"https:\/\/api.w.org\/{rel}","templated":true}]}}