{"id":462,"date":"2020-11-23T20:13:23","date_gmt":"2020-11-23T19:13:23","guid":{"rendered":"http:\/\/www.medienwart.de\/?page_id=462"},"modified":"2022-03-08T18:53:14","modified_gmt":"2022-03-08T17:53:14","slug":"november-fake-news","status":"publish","type":"page","link":"https:\/\/www.medienwart.de\/?page_id=462","title":{"rendered":"November: Fake-News"},"content":{"rendered":"\n<h4 class=\"wp-block-heading\">Nicht alles glauben, was im Netz zu finden ist &#8211; Fakten oder Fake-News?<\/h4>\n\n\n\n<p class=\"has-bright-blue-background-color has-background\"><strong>Inhalt des Medienp\u00e4dagogischen Monatskalenders:<\/strong> <br><strong>klicksafe-Infoblatt<\/strong><\/p>\n\n\n\n<p><strong>Verschw\u00f6rungstheorien erkennen &#8211; Merkmale von Verschw\u00f6rungstheorien<\/strong><\/p>\n\n\n\n<p>Verschw\u00f6rungstheorie oder nicht? &#8211; Das ist auf den ersten Blick nicht immer eindeutig. Es gibt einige Hinweise, anhand derer man Verschw\u00f6rungstheorien erkennen kann&#8230; <a rel=\"noreferrer noopener\" href=\"https:\/\/www.klicksafe.de\/fileadmin\/media\/documents\/pdf\/Themen\/Problematische_Inhalte\/Verschwoerungstheorien\/klicksafe-Infoblatt_Verschw%C3%B6rungstheorienErkennen.pdf\" target=\"_blank\">[Weiter bei klicksafe]<\/a><\/p>\n\n\n\n<p class=\"has-bright-blue-background-color has-background\"><strong>Inhalt des Medienp\u00e4dagogischen Monatskalenders:<\/strong> <br><strong><strong>Die 10 Gebote einer magersucht-verherrlichenden Website<\/strong><\/strong><\/p>\n\n\n\n<ol class=\"wp-block-list\"><li>Nur wenn ich d\u00fcnn bin, bin ich etwas wert! <\/li><li>Wenn ich esse, bin ich schuldig! <\/li><li>Du bist nie zu d\u00fcnn! <\/li><li>Wer stark ist, verweigert das Essen! <\/li><li>Ich muss alles tun, um noch d\u00fcnner zu werden! <\/li><li>Die Anzeige der Waage entschiedet \u00fcber den Erfolg meines Lebens! <\/li><li>D\u00fcnn sein ist wichtiger als gesund sein! <\/li><li>Wer weniger d\u00fcnn ist als du, ist neidisch und m\u00f6chte dich umkrempeln. <\/li><li>Nur d\u00fcnne Menschen meinen es gut mit dir! <\/li><li>Haltet zusammen!<\/li><\/ol>\n\n\n\n<p class=\"has-bright-blue-background-color has-background\"><strong>Begleitender Kommentar und weitere Infos:<\/strong><\/p>\n\n\n\n<p>Der abgedruckte Text einer magersucht-verherrlichenden Website ist f\u00fcr au\u00dfenstehende eigentlich klar als schlechter Ratgeber zu entlarven und traurige Realit\u00e4t im Netz. F\u00fcr von Essst\u00f6rungen Menschen sind solche virtuellen Treffpunkte jedoch beliebte Informationsquellen. <\/p>\n\n\n\n<p>In der Diskussion mit Kindern und Jugendlichen l\u00e4sst sich hier gut ankn\u00fcpfen, dass das L\u00fcgen in der Familie zwar verboten ist, in vielen F\u00e4llen im Internet L\u00fcgen aber nicht sanktioniert werden, sondern unter das Grundrecht auf Meinungsfreiheit fallen, egal wie unsinnig sie sind. Eine sprichw\u00f6rtlich einseitige Internetrecherche kann also keine Fakten liefern.<\/p>\n\n\n\n<p>F\u00fcr betroffene Menschen in jeglicher Extremsituation besteht zus\u00e4tzlich das Risiko, dass die sich in einer Art Echokammer gegenseitig zu noch selbstzerst\u00f6rerischem Verhalten hochschaukeln. Das gleiche Prinzip gilt f\u00fcr politische Radikalisierung und Verschw\u00f6rungsglauben.<\/p>\n\n\n\n<p class=\"has-bright-blue-background-color has-background\"><strong>Inhalt des Medienp\u00e4dagogischen Monatskalenders:<\/strong><br><strong><strong>Aufkl\u00e4rung \u00fcber verschiedene unsinnige Verschw\u00f6rungsmythen<\/strong><\/strong><\/p>\n\n\n\n<p><strong>Flache Erde? <\/strong>Ein Verschw\u00f6rungsmythos der 21. Jahrhunderts ist die Behauptung, die Erde h\u00e4tte in Wahrheit keine Kugelgestalt, sondern w\u00e4re flach. Die Antarktis w\u00e4re eine Mauer um die Erde, es gibt hierzu stundenlange \u201eFake-Beweise\u201c auf Youtube. Solch ein Verschw\u00f6rungsglaube ist nat\u00fcrlich ein sehr krasses Beispiel, aber Realit\u00e4t. Unbeantwortet bleiben die Fragen, warum uns alle Wissenschaftler, Astronauten etc. hierzu anl\u00fcgen sollten.<\/p>\n\n\n\n<p><strong>Fahren ohne F\u00fchrerschein?<\/strong> Sogenannte Reichsb\u00fcrger glauben an das Rechtssystem des Naziregimes vor 80 Jahren und daran, keinen F\u00fchrerschein der Bundesrepublik Deutschland zu ben\u00f6tigen. S\u00e4mtliche Regierungen und Gesetze nach dem 2. Weltkrieg seine nicht legitimiert, da kein rechtsg\u00fcltiger Friedensvertrag abgeschlossen sei. Die Argumente aus der rechten Szene sind mehr, als an den Haaren herbeigezogen und unterwandern die solidarische Gesellschaft.<\/p>\n\n\n\n<p><strong>Chemtrails?<\/strong> Der Chemtrail-Verschw\u00f6rungsglaube beinhaltet, dass die Weltregierung die B\u00fcrger mit Chemikalien aus allen Flugzeugen bespr\u00fcht. Selbst Zwangsimpfungen per Spr\u00fchnebel aus dem Flugzeug wurden schon vermutet. Warum schweigen die Flugpassagiere?<\/p>\n\n\n\n<p><strong>Gefahr durch Strichcodes auf Lebensmittelverpackungen?<\/strong> Eine Theorie besagt, dass Strichcodes negative oder gar satanische Energie auf Lebensmittel \u00fcbertragen. Die Anh\u00e4nger der Theorie streichen Strichcodes durch. Kritisch ist zu sehen, dass manche Lebensmittelhersteller die Strichcodes auf ihren Verpackungen durch &#8222;Kurzschlie\u00dfen&#8220; mittels Querstrich unsch\u00e4dlich machen. Hier sollten Eltern klare Kante zeigen, was Unsinn ist.<\/p>\n\n\n\n<p class=\"has-bright-blue-background-color has-background\"><strong>Begleitender Kommentar und weitere Infos:<\/strong><\/p>\n\n\n\n<p>Zur eigenen Hintergrundrecherche bei krassen oder komisch erscheinenden Inhalten, die in social media geteilit werden, eigenen sich die Fake-J\u00e4ger von <a href=\"http:\/\/www.mimikama.at\/\">www.mimikama.at<\/a> oder <a href=\"https:\/\/correctiv.org\/faktencheck\">correctiv.org\/faktencheck<\/a> sowie bei <a href=\"http:\/\/klicksafe.de\/verschwoerungstheorien\">klicksafe.de\/verschwoerungstheorien<\/a>.<\/p>\n\n\n\n<p>Empfehlenswert sind auch die folgenden Medieninhalte:<\/p>\n\n\n\n<ul class=\"wp-block-list\"><li>Empfehlenswerte Brosch\u00fcre der BLM &#8222;<a href=\"https:\/\/www.blm.de\/aktivitaeten\/medienkompetenz\/materialien\/verschwoerungsmythen.cfm\" data-type=\"URL\" data-id=\"https:\/\/www.blm.de\/aktivitaeten\/medienkompetenz\/materialien\/verschwoerungsmythen.cfm\" target=\"_blank\" rel=\"noreferrer noopener\">Von der flachen Erde bis zur L\u00fcgenpresse<\/a>&#8220; f\u00fcr Eltern\/Lehrkr\u00e4fte<\/li><li>Video: <a href=\"https:\/\/www.br.de\/sogehtmedien\/stimmt-das\/wilde-theorien\/un-wahrheiten-wilde-theorien-100.html\">Gefangen in der <\/a><strong><a href=\"https:\/\/www.br.de\/sogehtmedien\/stimmt-das\/wilde-theorien\/un-wahrheiten-wilde-theorien-100.html\">Filterblase<\/a><\/strong><\/li><li>Video: <a href=\"https:\/\/www.br.de\/sogehtmedien\/stimmt-das\/luegen-erkennen\/un-wahrheiten-luegen-erkennen124.html\">Fakenews im Netz erkennen<\/a><\/li><li>Quiz: <a href=\"https:\/\/www.br.de\/sogehtmedien\/stimmt-das\/quellen\/medien-basics-quellen-100.html\">Wie finde ich die richtige Quelle?<\/a><\/li><li>extra-3: <a rel=\"noreferrer noopener\" href=\"https:\/\/www.ardmediathek.de\/daserste\/video\/extra-3\/filterblase-facebook\/das-erste\/Y3JpZDovL25kci5kZS9hZWY4ZGI0OS1hMDMyLTQ2NzQtYTVhOS1jMDliMDI1NWQ4ZTE\/\" target=\"_blank\">Filterblase Facebook<\/a><\/li><li>Tagesschau #kurzerkl\u00e4rt: <a rel=\"noreferrer noopener\" href=\"https:\/\/www.youtube.com\/watch?v=-TL_Ija3Rhs\" target=\"_blank\">Facebook und Google \u2013 Filterblasen gef\u00e4hrden die Demokratie<\/a><\/li><\/ul>\n\n\n\n<p><\/p>\n","protected":false},"excerpt":{"rendered":"<p>Nicht alles glauben, was im Netz zu finden ist &#8211; Fakten oder Fake-News? Inhalt des Medienp\u00e4dagogischen Monatskalenders: klicksafe-Infoblatt Verschw\u00f6rungstheorien erkennen &#8211; Merkmale von Verschw\u00f6rungstheorien Verschw\u00f6rungstheorie oder nicht? &#8211; Das ist auf den ersten Blick nicht immer eindeutig. Es gibt einige Hinweise, anhand derer man Verschw\u00f6rungstheorien erkennen kann&#8230; [Weiter bei klicksafe] Inhalt des Medienp\u00e4dagogischen Monatskalenders: Die &hellip; <a href=\"https:\/\/www.medienwart.de\/?page_id=462\" class=\"more-link\"><span class=\"screen-reader-text\">November: Fake-News<\/span> weiterlesen<\/a><\/p>\n","protected":false},"author":1,"featured_media":0,"parent":0,"menu_order":0,"comment_status":"closed","ping_status":"closed","template":"","meta":{"footnotes":""},"class_list":["post-462","page","type-page","status-publish","hentry"],"_links":{"self":[{"href":"https:\/\/www.medienwart.de\/index.php?rest_route=\/wp\/v2\/pages\/462","targetHints":{"allow":["GET"]}}],"collection":[{"href":"https:\/\/www.medienwart.de\/index.php?rest_route=\/wp\/v2\/pages"}],"about":[{"href":"https:\/\/www.medienwart.de\/index.php?rest_route=\/wp\/v2\/types\/page"}],"author":[{"embeddable":true,"href":"https:\/\/www.medienwart.de\/index.php?rest_route=\/wp\/v2\/users\/1"}],"replies":[{"embeddable":true,"href":"https:\/\/www.medienwart.de\/index.php?rest_route=%2Fwp%2Fv2%2Fcomments&post=462"}],"version-history":[{"count":8,"href":"https:\/\/www.medienwart.de\/index.php?rest_route=\/wp\/v2\/pages\/462\/revisions"}],"predecessor-version":[{"id":740,"href":"https:\/\/www.medienwart.de\/index.php?rest_route=\/wp\/v2\/pages\/462\/revisions\/740"}],"wp:attachment":[{"href":"https:\/\/www.medienwart.de\/index.php?rest_route=%2Fwp%2Fv2%2Fmedia&parent=462"}],"curies":[{"name":"wp","href":"https:\/\/api.w.org\/{rel}","templated":true}]}}