{"id":581,"date":"2021-07-20T23:05:37","date_gmt":"2021-07-20T21:05:37","guid":{"rendered":"https:\/\/www.medienwart.de\/?page_id=581"},"modified":"2024-01-17T18:02:15","modified_gmt":"2024-01-17T17:02:15","slug":"medienberatung-login-2","status":"publish","type":"page","link":"https:\/\/www.medienwart.de\/?page_id=581","title":{"rendered":"Arbeitskreis Medienpr\u00e4vention &#8211; Fachberatung LogIn"},"content":{"rendered":"\n<h3 class=\"wp-block-heading has-light-blue-background-color has-background\">Veranstaltung zum Safer Internet Day 2024:<\/h3>\n\n\n\n<p>Am Safer-Internet-Day wird den Schulen am Bayerischen Untermain eine neue Auflage des &#8222;Medienp\u00e4dagogischen Monatskalenders&#8220; mit mehreren Tausend Exemplaren \u00fcbergeben. Dies erfolgt stellvertretend an einer Schule in Miltenberg.<br>F\u00fcr die Lehrkr\u00e4fte findet nachmittags eine Online-Fortbildung zu den pr\u00e4ventiven Inhalten des Medienkalenders statt.<br>Vormittags werden auch in je einer F\u00f6rderschule- und Gymnasialklasse Monatsthemen des Medienkalenders exemplarisch besprochen.<br>Ziel des Projektes ist es, dass in jeder Schulklasse &#8211; jeden Monat &#8211; von den Lehrkr\u00e4ften eine \u00fcberschaubare Pr\u00e4ventionseinheit durchgef\u00fchrt werden kann. Zum &#8222;Medienp\u00e4dagogischen Monatskalender&#8220; steht dabei auch f\u00fcr jeden Monat digitales Unterrichtsmaterial zur Verf\u00fcgung.<\/p>\n\n\n\n<p>Pressekontakt:<br>Felix Behl, Berater f\u00fcr digitale Bildung<br>Fon: 09371 501 568<br>E-Mail: <a href=\"mailto:behl@bdb-bay.de\" target=\"_blank\" rel=\"noreferrer noopener\">behl@bdb-bay.de<\/a> <\/p>\n\n\n\n<p><\/p>\n\n\n\n<h2 class=\"wp-block-heading has-bright-blue-background-color has-background\"><strong>Beratung \u201eLogIn\u201c zur Mediennutzung <\/strong><\/h2>\n\n\n\n<p><\/p>\n\n\n\n<figure class=\"wp-block-image size-large\"><a href=\"https:\/\/www.medienwart.de\/wp-content\/uploads\/2021\/07\/2021-07-20-22_57_02-Login_Logo_final_Vector_4c.pdf-Adobe-Acrobat-Pro-DC.png\"><img loading=\"lazy\" decoding=\"async\" width=\"915\" height=\"730\" src=\"https:\/\/www.medienwart.de\/wp-content\/uploads\/2021\/07\/2021-07-20-22_57_02-Login_Logo_final_Vector_4c.pdf-Adobe-Acrobat-Pro-DC.png\" alt=\"\" class=\"wp-image-580\" srcset=\"https:\/\/www.medienwart.de\/wp-content\/uploads\/2021\/07\/2021-07-20-22_57_02-Login_Logo_final_Vector_4c.pdf-Adobe-Acrobat-Pro-DC.png 915w, https:\/\/www.medienwart.de\/wp-content\/uploads\/2021\/07\/2021-07-20-22_57_02-Login_Logo_final_Vector_4c.pdf-Adobe-Acrobat-Pro-DC-300x239.png 300w, https:\/\/www.medienwart.de\/wp-content\/uploads\/2021\/07\/2021-07-20-22_57_02-Login_Logo_final_Vector_4c.pdf-Adobe-Acrobat-Pro-DC-768x613.png 768w\" sizes=\"auto, (max-width: 915px) 100vw, 915px\" \/><\/a><\/figure>\n\n\n\n<p>Sie haben Fragen zu Social Media, bestimmten Internet-Anwendungen oder Smartphones\/Tablets? Sie sorgen sich \u00fcber ma\u00dflosen Medienkonsum oder Cybermobbing? Sprechen Sie uns an.<br>In den Mediensprechstunden stehen Ihnen geschulte Ansprechpartner*innen f\u00fcr Fragen rund um die Bedienung Ihres Smartphones oder Tablets, der Nutzung von Apps und den sicheren Umgang mit dem Internet zur Seite. <br>Wir beantworten Ihre Fragen rund um den Jugendmedienschutz und unterst\u00fctzen Sie darin, Ihre Familienger\u00e4te dem Alter Ihres Kindes entsprechend sicher einzustellen.<\/p>\n\n\n\n<h4 class=\"wp-block-heading has-bright-blue-background-color has-background\"><strong>Bei Fragen wenden Sie sich an<\/strong><\/h4>\n\n\n\n<p>Fachstelle f\u00fcr Suchtpr\u00e4vention<br>Birgit Englert<br><a href=\"mailto:birgit.englert@lra-mil.de\">birgit.englert@lra-mil.de<\/a> \u00b7 Tel.: 09371 501-112<\/p>\n\n\n\n<h4 class=\"wp-block-heading has-bright-blue-background-color has-background\">Diese Seite mit einem Mobilger\u00e4t besuchen<\/h4>\n\n\n\n<p>Um diese Seite mit Ihrem Mobilger\u00e4t zu besuchen, k\u00f6nnen Sie auch den QR-Code scannen: <img loading=\"lazy\" decoding=\"async\" width=\"150\" height=\"150\" class=\"wp-image-587\" style=\"width: 150px;\" src=\"https:\/\/www.medienwart.de\/wp-content\/uploads\/2021\/07\/login.medienwart.de_.png\" alt=\"QR Code login.medienwart.de\" srcset=\"https:\/\/www.medienwart.de\/wp-content\/uploads\/2021\/07\/login.medienwart.de_.png 300w, https:\/\/www.medienwart.de\/wp-content\/uploads\/2021\/07\/login.medienwart.de_-150x150.png 150w\" sizes=\"auto, (max-width: 150px) 100vw, 150px\" \/><\/p>\n","protected":false},"excerpt":{"rendered":"<p>Veranstaltung zum Safer Internet Day 2024: Am Safer-Internet-Day wird den Schulen am Bayerischen Untermain eine neue Auflage des &#8222;Medienp\u00e4dagogischen Monatskalenders&#8220; mit mehreren Tausend Exemplaren \u00fcbergeben. Dies erfolgt stellvertretend an einer Schule in Miltenberg.F\u00fcr die Lehrkr\u00e4fte findet nachmittags eine Online-Fortbildung zu den pr\u00e4ventiven Inhalten des Medienkalenders statt.Vormittags werden auch in je einer F\u00f6rderschule- und Gymnasialklasse Monatsthemen &hellip; <a href=\"https:\/\/www.medienwart.de\/?page_id=581\" class=\"more-link\"><span class=\"screen-reader-text\">Arbeitskreis Medienpr\u00e4vention &#8211; Fachberatung LogIn<\/span> weiterlesen<\/a><\/p>\n","protected":false},"author":1,"featured_media":0,"parent":0,"menu_order":0,"comment_status":"closed","ping_status":"closed","template":"","meta":{"footnotes":""},"class_list":["post-581","page","type-page","status-publish","hentry"],"_links":{"self":[{"href":"https:\/\/www.medienwart.de\/index.php?rest_route=\/wp\/v2\/pages\/581","targetHints":{"allow":["GET"]}}],"collection":[{"href":"https:\/\/www.medienwart.de\/index.php?rest_route=\/wp\/v2\/pages"}],"about":[{"href":"https:\/\/www.medienwart.de\/index.php?rest_route=\/wp\/v2\/types\/page"}],"author":[{"embeddable":true,"href":"https:\/\/www.medienwart.de\/index.php?rest_route=\/wp\/v2\/users\/1"}],"replies":[{"embeddable":true,"href":"https:\/\/www.medienwart.de\/index.php?rest_route=%2Fwp%2Fv2%2Fcomments&post=581"}],"version-history":[{"count":39,"href":"https:\/\/www.medienwart.de\/index.php?rest_route=\/wp\/v2\/pages\/581\/revisions"}],"predecessor-version":[{"id":919,"href":"https:\/\/www.medienwart.de\/index.php?rest_route=\/wp\/v2\/pages\/581\/revisions\/919"}],"wp:attachment":[{"href":"https:\/\/www.medienwart.de\/index.php?rest_route=%2Fwp%2Fv2%2Fmedia&parent=581"}],"curies":[{"name":"wp","href":"https:\/\/api.w.org\/{rel}","templated":true}]}}

Arbeitskreis Medienprävention &#8211; Fachberatung LogIn

<h3 class="wp-block-heading has-light-blue-background-color has-background">Veranstaltung zum Safer Internet Day 2024:</h3>



<p>Am Safer-Internet-Day wird den Schulen am Bayerischen Untermain eine neue Auflage des &#8222;Medienpädagogischen Monatskalenders&#8220; mit mehreren Tausend Exemplaren übergeben. Dies erfolgt stellvertretend an einer Schule in Miltenberg.<br>Für die Lehrkräfte findet nachmittags eine Online-Fortbildung zu den präventiven Inhalten des Medienkalenders statt.<br>Vormittags werden auch in je einer Förderschule- und Gymnasialklasse Monatsthemen des Medienkalenders exemplarisch besprochen.<br>Ziel des Projektes ist es, dass in jeder Schulklasse &#8211; jeden Monat &#8211; von den Lehrkräften eine überschaubare Präventionseinheit durchgeführt werden kann. Zum &#8222;Medienpädagogischen Monatskalender&#8220; steht dabei auch für jeden Monat digitales Unterrichtsmaterial zur Verfügung.</p>



<p>Pressekontakt:<br>Felix Behl, Berater für digitale Bildung<br>Fon: 09371 501 568<br>E-Mail: <a href="mailto:behl@bdb-bay.de" target="_blank" rel="noreferrer noopener">behl@bdb-bay.de</a> </p>



<p></p>



<h2 class="wp-block-heading has-bright-blue-background-color has-background"><strong>Beratung „LogIn“ zur Mediennutzung </strong></h2>



<p></p>



<figure class="wp-block-image size-large"><a href="https://www.medienwart.de/wp-content/uploads/2021/07/2021-07-20-22_57_02-Login_Logo_final_Vector_4c.pdf-Adobe-Acrobat-Pro-DC.png"><img loading="lazy" decoding="async" width="915" height="730" src="https://www.medienwart.de/wp-content/uploads/2021/07/2021-07-20-22_57_02-Login_Logo_final_Vector_4c.pdf-Adobe-Acrobat-Pro-DC.png" alt="" class="wp-image-580" srcset="https://www.medienwart.de/wp-content/uploads/2021/07/2021-07-20-22_57_02-Login_Logo_final_Vector_4c.pdf-Adobe-Acrobat-Pro-DC.png 915w, https://www.medienwart.de/wp-content/uploads/2021/07/2021-07-20-22_57_02-Login_Logo_final_Vector_4c.pdf-Adobe-Acrobat-Pro-DC-300x239.png 300w, https://www.medienwart.de/wp-content/uploads/2021/07/2021-07-20-22_57_02-Login_Logo_final_Vector_4c.pdf-Adobe-Acrobat-Pro-DC-768x613.png 768w" sizes="auto, (max-width: 915px) 100vw, 915px" /></a></figure>



<p>Sie haben Fragen zu Social Media, bestimmten Internet-Anwendungen oder Smartphones/Tablets? Sie sorgen sich über maßlosen Medienkonsum oder Cybermobbing? Sprechen Sie uns an.<br>In den Mediensprechstunden stehen Ihnen geschulte Ansprechpartner*innen für Fragen rund um die Bedienung Ihres Smartphones oder Tablets, der Nutzung von Apps und den sicheren Umgang mit dem Internet zur Seite. <br>Wir beantworten Ihre Fragen rund um den Jugendmedienschutz und unterstützen Sie darin, Ihre Familiengeräte dem Alter Ihres Kindes entsprechend sicher einzustellen.</p>



<h4 class="wp-block-heading has-bright-blue-background-color has-background"><strong>Bei Fragen wenden Sie sich an</strong></h4>



<p>Fachstelle für Suchtprävention<br>Birgit Englert<br><a href="mailto:birgit.englert@lra-mil.de">birgit.englert@lra-mil.de</a> · Tel.: 09371 501-112</p>



<h4 class="wp-block-heading has-bright-blue-background-color has-background">Diese Seite mit einem Mobilgerät besuchen</h4>



<p>Um diese Seite mit Ihrem Mobilgerät zu besuchen, können Sie auch den QR-Code scannen: <img loading="lazy" decoding="async" width="150" height="150" class="wp-image-587" style="width: 150px;" src="https://www.medienwart.de/wp-content/uploads/2021/07/login.medienwart.de_.png" alt="QR Code login.medienwart.de" srcset="https://www.medienwart.de/wp-content/uploads/2021/07/login.medienwart.de_.png 300w, https://www.medienwart.de/wp-content/uploads/2021/07/login.medienwart.de_-150x150.png 150w" sizes="auto, (max-width: 150px) 100vw, 150px" /></p>

<p>Veranstaltung zum Safer Internet Day 2024: Am Safer-Internet-Day wird den Schulen am Bayerischen Untermain eine neue Auflage des &#8222;Medienpädagogischen Monatskalenders&#8220; mit mehreren Tausend Exemplaren übergeben. Dies erfolgt stellvertretend an einer Schule in Miltenberg.Für die Lehrkräfte findet nachmittags eine Online-Fortbildung zu den präventiven Inhalten des Medienkalenders statt.Vormittags werden auch in je einer Förderschule- und Gymnasialklasse Monatsthemen &hellip; <a href="https://www.medienwart.de/?page_id=581" class="more-link"><span class="screen-reader-text">Arbeitskreis Medienprävention &#8211; Fachberatung LogIn</span> weiterlesen</a></p>
