{"id":673,"date":"2022-03-06T23:40:35","date_gmt":"2022-03-06T22:40:35","guid":{"rendered":"https:\/\/www.medienwart.de\/?page_id=673"},"modified":"2022-03-14T18:36:24","modified_gmt":"2022-03-14T17:36:24","slug":"krieg-in-europa-tipps-zum-gespraech-mit-kindern-jugendlichen","status":"publish","type":"page","link":"https:\/\/www.medienwart.de\/?page_id=673","title":{"rendered":"Krieg in Europa &#8211; Tipps zum Gespr\u00e4ch mit Kindern und Jugendlichen"},"content":{"rendered":"\n<p class=\"has-light-blue-background-color has-background\"><a rel=\"noreferrer noopener\" href=\"https:\/\/www.medienwart.de\/wp-content\/uploads\/2022\/03\/Ergaenzung-Medienratgeber-Mit-Kindern-ueber-Krieg-sprechen-08.03.22-Quer.pdf\" data-type=\"URL\" data-id=\"https:\/\/www.medienwart.de\/wp-content\/uploads\/2022\/03\/Ergaenzung-Medienratgeber-Mit-Kindern-ueber-Krieg-sprechen-08.03.22-Quer.pdf\" target=\"_blank\"><strong>Hier k\u00f6nnen die Tipps als PDF heruntergeladen werden [Download].<\/strong><\/a><\/p>\n\n\n\n<div id=\"ez-toc-container\" class=\"ez-toc-v2_0_82_2 counter-hierarchy ez-toc-counter ez-toc-grey ez-toc-container-direction\">\n<nav><ul class='ez-toc-list ez-toc-list-level-1 ' ><li class='ez-toc-page-1 ez-toc-heading-level-4'><a class=\"ez-toc-link ez-toc-heading-1\" href=\"https:\/\/www.medienwart.de\/?page_id=673\/#Krieg_in_der_Ukraine_%E2%80%93_warum_muss_ich_mit_Kindern_und_Jugendlichen_darueber_sprechen\" >Krieg in der Ukraine \u2013 warum muss ich mit Kindern und Jugendlichen dar\u00fcber sprechen?<\/a><\/li><li class='ez-toc-page-1 ez-toc-heading-level-4'><a class=\"ez-toc-link ez-toc-heading-2\" href=\"https:\/\/www.medienwart.de\/?page_id=673\/#10_Tipps_zum_Gespraech_mit_Kindern_ueber_angstmachende_Nachrichten\" >10 Tipps zum Gespr\u00e4ch mit Kindern \u00fcber angstmachende Nachrichten<\/a><\/li><li class='ez-toc-page-1 ez-toc-heading-level-4'><a class=\"ez-toc-link ez-toc-heading-3\" href=\"https:\/\/www.medienwart.de\/?page_id=673\/#Bayernweites_Verzeichnis_von_Beratungsstellen_fuer_Familien\" >Bayernweites Verzeichnis von Beratungsstellen f\u00fcr Familien<\/a><\/li><li class='ez-toc-page-1 ez-toc-heading-level-4'><a class=\"ez-toc-link ez-toc-heading-4\" href=\"https:\/\/www.medienwart.de\/?page_id=673\/#Empfehlenswerte_Medien_um_sich_als_Elternteil_zu_informieren\" >Empfehlenswerte Medien, um sich als Elternteil  zu informieren<\/a><\/li><li class='ez-toc-page-1 ez-toc-heading-level-4'><a class=\"ez-toc-link ez-toc-heading-5\" href=\"https:\/\/www.medienwart.de\/?page_id=673\/#Empfehlenswerte_Medien_um_sich_gemeinsam_mit_Kindern_altersgemaess_zu_informieren\" >Empfehlenswerte Medien, um sich gemeinsam mit Kindern altersgem\u00e4\u00df zu informieren<\/a><\/li><li class='ez-toc-page-1 ez-toc-heading-level-4'><a class=\"ez-toc-link ez-toc-heading-6\" href=\"https:\/\/www.medienwart.de\/?page_id=673\/#Auch_Eigenschutz_ist_wichtig_Empfehlenswerte_Tipps_fuer_Erwachsene\" >Auch Eigenschutz ist wichtig! Empfehlenswerte Tipps f\u00fcr Erwachsene<\/a><\/li><\/ul><\/nav><\/div>\n<h4 class=\"wp-block-heading\"><span class=\"ez-toc-section\" id=\"Krieg_in_der_Ukraine_%E2%80%93_warum_muss_ich_mit_Kindern_und_Jugendlichen_darueber_sprechen\"><\/span>Krieg in der Ukraine \u2013 warum muss ich mit Kindern und Jugendlichen dar\u00fcber sprechen?<span class=\"ez-toc-section-end\"><\/span><\/h4>\n\n\n\n<p>Egal wie sehr die Eltern ihre Kinder vor Nachrichten in TV, Radio und Internet abschirmen, inzwischen wird es auf jedem Schulhof (bzw. im Schulbus oder auf dem Schulweg) zahlreiche Kinder geben, die ihre medialen Kenntnisse \u00fcber brutale Gewalt in Kriegsgebieten oder ihr Pseudowissen \u00fcber die Atom- oder Weltkriegsgefahr schonungslos an andere Kinder jedes Alters weitergeben.<\/p>\n\n\n\n<p><strong>Daher kann ich Ihnen nur empfehlen, behutsam, zeitnah und wiederkehrend das Gespr\u00e4ch mit seinen Kindern zu suchen, um die \u00c4ngste ernst zu nehmen und ein kindgem\u00e4\u00dfes sowie die Situation richtig einordnendes Wissen aufzubauen.<\/strong> Auch wenn wir selbst auf vieles keine Antworten wissen, selbst Angst vor einer Vergr\u00f6\u00dferung des Konfliktes haben oder entsetzt \u00fcber die Situation der Bev\u00f6lkerung in der Ukraine sind, k\u00f6nnen wir den Kindern durch eine behutsame Thematisierung helfen. Dazu k\u00f6nnen hoffentlich die folgenden Tipps und Links helfen.<\/p>\n\n\n\n<h4 class=\"has-light-blue-background-color has-background wp-block-heading\"><span class=\"ez-toc-section\" id=\"10_Tipps_zum_Gespraech_mit_Kindern_ueber_angstmachende_Nachrichten\"><\/span>10 Tipps zum Gespr\u00e4ch mit Kindern \u00fcber angstmachende Nachrichten<span class=\"ez-toc-section-end\"><\/span><\/h4>\n\n\n\n<ol class=\"wp-block-list\" type=\"1\"><li><strong>Sprechen Sie mit Ihrem Kind \u00fcber seine \u00c4ngste und Sorgen<\/strong>. Zeigen Sie ihm, dass es damit nicht alleine ist. M\u00f6glicherweise f\u00e4llt es leichter, w\u00e4hrend eines Spaziergangs \u00fcber Gef\u00fchle zu sprechen.<\/li><li><strong>Geben Sie Ihrem Kind Sicherheit.<\/strong> Die Kriegshandlungen in der Ukraine sind auch f\u00fcr uns verst\u00f6rend, das sollten wir den Kindern nicht verheimlichen. Dr\u00fccken Sie jedoch auch aus, dass uns selbst keine unmittelbare Gefahr droht.<\/li><li><strong>Bleiben Sie sachlich<\/strong> und erkl\u00e4ren ihrem Kind, dass manche Menschen aus Unkenntnis oder absichtlich \u00fcbertriebene und unn\u00f6tig angstmachende Botschaften weiterverbreiten. Gerade im Kreis der Freunde Ihrer Kinder werden m\u00f6glicherweise stark verzerrte und angstmachende Mutma\u00dfungen weitergegeben.<\/li><li><strong>Bieten Sie Ihrem Kind altersgem\u00e4\u00dfe Recherchequellen<\/strong> an und reflektieren Sie gemeinsam das dort Gesehene. Empfehlenswerte sind beispielsweise <a rel=\"noreferrer noopener\" href=\"http:\/\/www.logo.de\" target=\"_blank\"><strong>www.logo.de<\/strong><\/a>, <a rel=\"noreferrer noopener\" href=\"http:\/\/www.wdrmaus.de\" target=\"_blank\"><strong>www.wdrmaus.de<\/strong><\/a> oder <a rel=\"noreferrer noopener\" href=\"http:\/\/www.duda.news\" target=\"_blank\"><strong>www.duda.news<\/strong><\/a>. (F\u00fcr Menschen mit schw\u00e4cheren Deutschkenntnissen auch empfehlenswert: <a rel=\"noreferrer noopener\" href=\"http:\/\/www.nachrichtenleicht.de\" target=\"_blank\"><strong>www.nachrichtenleicht.de<\/strong><\/a>.)<\/li><li>Wenn Sie mit dem Kind reden, versuchen Sie, einfache Begriffe zu verwenden. <strong>Lassen Sie das Kind die Inhalte nochmal kurz zusammenfassen<\/strong>, dann k\u00f6nnen Sie sicher sein, was verstanden wurde.<\/li><li><strong>Stellen Sie sich mit dem Kind gemeinsam auch unangenehmen Fragestellungen<\/strong>, wenn diese vom Kind selbst thematisiert werden. Es ist normal, wenn sich Kinder Gedanken \u00fcber Tod und Sterben machen.<\/li><li><strong>Ungew\u00f6hnliche Reaktionen von Kindern in Krisensituationen sind normal<\/strong> und kein Zeichen von Empathielosigkeit. Es ist v\u00f6llig in Ordnung, nicht st\u00e4ndig an den Krieg zu denken und zu lachen oder sich \u00fcber sch\u00f6ne Dinge zu freuen. Auch, wenn die Neugierde zeitweise st\u00e4rker als die Empathie ausgepr\u00e4gt ist, ist das v\u00f6llig normal. F\u00fcr die Kinder ist die Situation v\u00f6llig ungewohnt.<\/li><li><strong>Lassen Sie Ihr Kind selbst aktiv werden<\/strong>. Es kann sich mit Ihnen bei einer Sammelaktion f\u00fcr Kriegsfl\u00fcchtlinge beteiligen oder auch f\u00fcr Frieden demonstrieren. Auch das gemeinsame Gedenken oder Beten f\u00fcr Frieden ist sinnvoll. So f\u00fchlt sich das Kind selbstkompetenter und weniger ausgeliefert.<\/li><li>Wenn Sie nicht mehr weiterwissen und Ihnen die Situation \u00fcber den Kopf w\u00e4chst, <strong>nutzen Sie selbst entsprechende Hilfsangebote<\/strong>. Hier bietet sich beispielsweise kostenfrei und anonym das <a href=\"https:\/\/www.nummergegenkummer.de\/elternberatung\/elterntelefon\/\" data-type=\"URL\" data-id=\"https:\/\/www.nummergegenkummer.de\/elternberatung\/elterntelefon\/\" target=\"_blank\" rel=\"noreferrer noopener\"><strong>Elterntelefon unter<\/strong> <strong>0800 111 0 550<\/strong><\/a><strong> <\/strong>an, alternativ die <a rel=\"noreferrer noopener\" href=\"http:\/\/www.bke-beratung.de\" target=\"_blank\"><strong>www.bke-beratung.de<\/strong><\/a> als Onlineberatung der Bundeskonferenz f\u00fcr Erziehungsberatung.<\/li><li><strong>In Ihrer Region zur pers\u00f6nlichen Beratung<\/strong> sind beispielsweise nach Voranmeldung f\u00fcr Sie da:<\/li><\/ol>\n\n\n\n<ul class=\"wp-block-list\"><li><strong>Beratungsstelle f\u00fcr Kinder, Jugendliche und Eltern f\u00fcr die Stadt Aschaffenburg<\/strong><br>Treibgasse 26 (Martinushaus), Aschaffenburg, Telefon (06021) 392-220<br>E-Mail: <a href=\"mailto:erziehungsberatung@caritas-aschaffenburg.de\">erziehungsberatung@caritas-aschaffenburg.de<\/a> <br>Internet: <a rel=\"noreferrer noopener\" href=\"http:\/\/www.caritas-aschaffenburg.de\/sie-suchen-hilfe\/erziehungsberatung\" target=\"_blank\">www.caritas-aschaffenburg.de\/sie-suchen-hilfe\/erziehungsberatung<\/a><br><\/li><li><strong>Beratungsstelle f\u00fcr Kinder, Jugendliche, Eltern f\u00fcr den Landkreis Aschaffenburg<\/strong> <br>Schlossberg 4, Aschaffenburg, Tel.: 06021 392-301<br>E-Mail: <a href=\"mailto:eb-land@caritas-aschaffenburg.de\">eb-land@caritas-aschaffenburg.de<\/a> <br>Internet: <a rel=\"noreferrer noopener\" href=\"http:\/\/www.caritas-aschaffenburg.de\/sie-suchen-hilfe\/erziehungsberatung\" target=\"_blank\">www.caritas-aschaffenburg.de\/sie-suchen-hilfe\/erziehungsberatung<\/a><br><\/li><li><strong>Beratungsstelle f\u00fcr Kinder, Jugendliche, Eltern f\u00fcr den Landkreis Miltenberg<\/strong><br>Hauptstra\u00dfe 60, Miltenberg, Tel.: 09371 978920 (Au\u00dfenstelle: Hofstetter Stra\u00dfe 1-3, 63820 Elsenfeld)<br>E-Mail: <a href=\"mailto:erziehungsberatung@caritas-mil.de\">erziehungsberatung@caritas-mil.de<\/a><br>Internet: <a rel=\"noreferrer noopener\" href=\"http:\/\/www.caritas-mil.de\/beratung-und-unterst\u00fctzung\/erziehungsberatung\" target=\"_blank\">www.caritas-mil.de\/beratung-und-unterst\u00fctzung\/erziehungsberatung<\/a> \u00a0\u00a0\u00a0<br><\/li><li><strong>Beratungsstelle f\u00fcr Kinder, Jugendliche, Eltern f\u00fcr den Landkreis Main-Spessart<\/strong><br>Langgasse 12, Karlstadt, Tel.: 09353 793-1580, (Beratung auch in Gem\u00fcnden, Lohr und Marktheidenfeld)<br>E-Mail: <a href=\"mailto:Erziehungsberatung@Lramsp.de\">Erziehungsberatung@Lramsp.de<\/a> <br>Internet: <a rel=\"noreferrer noopener\" href=\"http:\/\/www.erziehungsberatung-msp.de\" target=\"_blank\">www.erziehungsberatung-msp.de<\/a><\/li><\/ul>\n\n\n\n<h4 class=\"has-light-blue-background-color has-background wp-block-heading\"><span class=\"ez-toc-section\" id=\"Bayernweites_Verzeichnis_von_Beratungsstellen_fuer_Familien\"><\/span>Bayernweites Verzeichnis von Beratungsstellen f\u00fcr Familien<span class=\"ez-toc-section-end\"><\/span><\/h4>\n\n\n\n<p>Der Bayerische Erziehungsratgeber des Freistaats f\u00fchrt als Online-Angebot alle Beratungsstellen f\u00fcr Kinder, Jugendliche und Eltern unter dem Stichwort &#8222;Erziehungsberatung&#8220; unter <a rel=\"noreferrer noopener\" href=\"https:\/\/www.stmas.bayern.de\/erziehungsberatung\/stellen\" data-type=\"URL\" data-id=\"https:\/\/www.stmas.bayern.de\/erziehungsberatung\/stellen\" target=\"_blank\">www.stmas.bayern.de\/erziehungsberatung\/stellen<\/a> auf. Das Gesamtangebot des Bayerischen Erziehungsratgebers ist unter <a href=\"https:\/\/www.baer.bayern.de\/\" data-type=\"URL\" data-id=\"https:\/\/www.baer.bayern.de\/\" target=\"_blank\" rel=\"noreferrer noopener\">www.baer.bayern.de<\/a> zu finden.<\/p>\n\n\n\n<h4 class=\"has-light-blue-background-color has-background wp-block-heading\"><span class=\"ez-toc-section\" id=\"Empfehlenswerte_Medien_um_sich_als_Elternteil_zu_informieren\"><\/span>Empfehlenswerte Medien, um sich <strong><u>als Elternteil <\/u><\/strong> zu informieren<span class=\"ez-toc-section-end\"><\/span><\/h4>\n\n\n\n<ul class=\"wp-block-list\"><li>KiKa f\u00fcr Erwachsene \u2013 Mit Kindern \u00fcber Krieg sprechen: <a href=\"https:\/\/www.kika.de\/erwachsene\/aktuelles\/mit-kindern-ueber-krieg-in-ukraine-sprechen-100.html\" target=\"_blank\" rel=\"noreferrer noopener\">https:\/\/www.kika.de\/erwachsene\/aktuelles\/mit-kindern-ueber-krieg-in-ukraine-sprechen-100.html<\/a><br>(<strong>Schwerpunkt eher f\u00fcr Eltern\/Lehrkr\u00e4fte von Kindern<\/strong>: Umfangreiche Programmtipps, Linkempfehlungen und \u201e10 Tipps, wie ihr mit euren Kindern \u00fcber den Krieg sprechen k\u00f6nnt\u201c)<\/li><li>Onlineplattform Bayerischer Erziehungsratgeber \u2013 \u201eMit Kindern \u00fcber schlimme Nachrichten sprechen\u201c:<br><a href=\"https:\/\/www.baer.bayern.de\/erziehung-medien\/tipps\/schlimme-nachrichten\/\" target=\"_blank\" rel=\"noreferrer noopener\">https:\/\/www.baer.bayern.de\/erziehung-medien\/tipps\/schlimme-nachrichten\/<\/a><br>(Insbesondere <strong>auch<\/strong> <strong>empfehlenswert f\u00fcr Eltern\/Lehrkr\u00e4fte von Kindern\/Jugendlichen in der Sekundarstufe<\/strong> in Bezug auf Social-Media-Quellen)<\/li><li>Projuventute.ch ist ein gro\u00dfartiges Beratungsangebot aus der Schweiz, das gute Tipps bereith\u00e4lt: <a href=\"https:\/\/www.projuventute.ch\/de\/eltern\/familie-gesellschaft\/angst-vor-krieg\" target=\"_blank\" rel=\"noreferrer noopener\">https:\/\/www.projuventute.ch\/de\/eltern\/familie-gesellschaft\/angst-vor-krieg<\/a><br>(Beispielsweise viele praktische Tipps, wie man selbst t\u00e4tig werden kann.)<\/li><li>Der Notfallseelsorger und P\u00e4dagoge Prof. Dr. Harald Karutz bietet auf seiner Internetseite ein hilfreiches Merkblatt an, das man an Eltern weitergeben k\u00f6nnte: <a href=\"http:\/\/www.harald-karutz.de\/gespraeche-mit-kindern-ueber-den-krieg\" target=\"_blank\" rel=\"noreferrer noopener\">www.harald-karutz.de\/gespraeche-mit-kindern-ueber-den-krieg<\/a><\/li><\/ul>\n\n\n\n<h4 class=\"has-light-blue-background-color has-background wp-block-heading\"><span class=\"ez-toc-section\" id=\"Empfehlenswerte_Medien_um_sich_gemeinsam_mit_Kindern_altersgemaess_zu_informieren\"><\/span>Empfehlenswerte Medien, um sich <strong><u>gemeinsam mit Kindern<\/u><\/strong> altersgem\u00e4\u00df zu informieren<span class=\"ez-toc-section-end\"><\/span><\/h4>\n\n\n\n<ul class=\"wp-block-list\"><li><strong>Die Sendung mit der Maus<\/strong> unter <a rel=\"noreferrer noopener\" href=\"http:\/\/www.wdrmaus.de\/extras\/mausthemen\/ukraine\/\" target=\"_blank\">www.wdrmaus.de\/extras\/mausthemen\/ukraine\/<\/a> (Empfehlenswert f\u00fcr Grundschule und j\u00fcngere Mittelsch\u00fcler:innen sowie Personen mit schw\u00e4cheren Deutsch- oder Lesekenntnissen)<\/li><li><strong>Aktuelle Logo-Nachrichten<\/strong> und zus\u00e4tzliche Logo-Erkl\u00e4rt: <a rel=\"noreferrer noopener\" href=\"http:\/\/www.logo.de\" target=\"_blank\">www.logo.de<\/a><br>(J\u00fcngere Grundsch\u00fcler:innen ben\u00f6tigen Begleitung und ggf. Hilfe st\u00e4rkere Hilfe beim Verst\u00e4ndnis. Empfehlenswert insbesondere f\u00fcr \u00e4ltere Grundsch\u00fcler:innen und Mittelsch\u00fcler:innen, sowie Personen mit schw\u00e4cheren Deutsch- oder Lesekenntnissen)<\/li><li><strong>Duda.news Kindernachrichten<\/strong> ist ein Online-Angebot des K\u00f6lner Stadtanzeigers: <strong>Besonders Lesenswert ist der Artikel &#8222;Verteil die Angst auf mehrere Schultern&#8220; mit 5 konkreten Tipps f\u00fcr Kinder<\/strong>: <a rel=\"noreferrer noopener\" href=\"https:\/\/www.duda.news\/welt\/verteil-die-angst-auf-mehrere-schultern\/\" data-type=\"URL\" data-id=\"https:\/\/www.duda.news\/welt\/verteil-die-angst-auf-mehrere-schultern\/\" target=\"_blank\">www.duda.news\/welt\/verteil-die-angst-auf-mehrere-schultern<\/a> <br>(Empfehlenswert zum Vorlesen ab der ersten Klasse oder zum Selbstlesen, wenn entsprechendes Leseverst\u00e4dnis vorhanden ist.) <\/li><li><strong>Nachrichtenleicht<\/strong>, ein Angebot des Deutschlandfunks: <a rel=\"noreferrer noopener\" href=\"http:\/\/www.nachrichtenleicht.de\" target=\"_blank\">www.nachrichtenleicht.de<\/a><br>(Empfehlenswertes Nachrichtenportal in leichter Sprache, alle Meldungen werden in verst\u00e4ndlicher Sprache zum Lesen und H\u00f6ren angeboten.)<\/li><\/ul>\n\n\n\n<h4 class=\"has-light-blue-background-color has-background wp-block-heading\"><span class=\"ez-toc-section\" id=\"Auch_Eigenschutz_ist_wichtig_Empfehlenswerte_Tipps_fuer_Erwachsene\"><\/span>Auch Eigenschutz ist wichtig! Empfehlenswerte Tipps f\u00fcr <strong><u>Erwachsene<\/u><\/strong><span class=\"ez-toc-section-end\"><\/span><\/h4>\n\n\n\n<ul class=\"wp-block-list\"><li>\u201e<strong>Wenn der Krieg Angst macht &#8211; Tipps und Hilfsangebote<\/strong>\u201c: <a rel=\"noreferrer noopener\" href=\"http:\/\/www.br.de\/nachrichten\/deutschland-welt\/wenn-der-krieg-angst-macht-tipps-und-hilfsangebote\" target=\"_blank\">www.br.de\/nachrichten\/deutschland-welt\/wenn-der-krieg-angst-macht-tipps-und-hilfsangebote<\/a><br>(Insbesondere \u201eTipps um negative Gedanken zu unterbrechen\u201c und selbst aktiv werden)<\/li><\/ul>\n","protected":false},"excerpt":{"rendered":"<p>Hier k\u00f6nnen die Tipps als PDF heruntergeladen werden [Download]. Krieg in der Ukraine \u2013 warum muss ich mit Kindern und Jugendlichen dar\u00fcber sprechen? Egal wie sehr die Eltern ihre Kinder vor Nachrichten in TV, Radio und Internet abschirmen, inzwischen wird es auf jedem Schulhof (bzw. im Schulbus oder auf dem Schulweg) zahlreiche Kinder geben, die &hellip; <a href=\"https:\/\/www.medienwart.de\/?page_id=673\" class=\"more-link\"><span class=\"screen-reader-text\">Krieg in Europa &#8211; Tipps zum Gespr\u00e4ch mit Kindern und Jugendlichen<\/span> weiterlesen<\/a><\/p>\n","protected":false},"author":1,"featured_media":0,"parent":0,"menu_order":0,"comment_status":"closed","ping_status":"closed","template":"","meta":{"footnotes":""},"class_list":["post-673","page","type-page","status-publish","hentry"],"_links":{"self":[{"href":"https:\/\/www.medienwart.de\/index.php?rest_route=\/wp\/v2\/pages\/673","targetHints":{"allow":["GET"]}}],"collection":[{"href":"https:\/\/www.medienwart.de\/index.php?rest_route=\/wp\/v2\/pages"}],"about":[{"href":"https:\/\/www.medienwart.de\/index.php?rest_route=\/wp\/v2\/types\/page"}],"author":[{"embeddable":true,"href":"https:\/\/www.medienwart.de\/index.php?rest_route=\/wp\/v2\/users\/1"}],"replies":[{"embeddable":true,"href":"https:\/\/www.medienwart.de\/index.php?rest_route=%2Fwp%2Fv2%2Fcomments&post=673"}],"version-history":[{"count":20,"href":"https:\/\/www.medienwart.de\/index.php?rest_route=\/wp\/v2\/pages\/673\/revisions"}],"predecessor-version":[{"id":799,"href":"https:\/\/www.medienwart.de\/index.php?rest_route=\/wp\/v2\/pages\/673\/revisions\/799"}],"wp:attachment":[{"href":"https:\/\/www.medienwart.de\/index.php?rest_route=%2Fwp%2Fv2%2Fmedia&parent=673"}],"curies":[{"name":"wp","href":"https:\/\/api.w.org\/{rel}","templated":true}]}}